j = p + j - 32, -2*p + 68 = -3*j. Let w = -24 + p. What is the greatest common factor of 48 and w?
16
Let o = 111 - 23. Let x = 134 + o. Let c be x/7 + (-6)/(-21). What is the greatest common factor of c and 4?
4
Let i be (6/(-3) + 7)/(-3 + 4). What is the highest common factor of 10 and i?
5
Suppose -q = 2*z + 3*q + 176, 5*z = 2*q - 476. Let k = -34 - z. Suppose -5 = 5*l - k. What is the greatest common factor of l and 77?
11
Let y be 12*(-3)/(-6) - -2. Suppose 5*n + 2*g + 0 = 3, 0 = 3*n + 4*g + 1. Calculate the greatest common divisor of y and n.
1
Suppose -2*q - 5*o = -8 - 17, -4*q - 2*o = -26. Suppose -3*v + q = -19. What is the greatest common factor of v and 4?
4
Suppose 0 = -5*q + 182 + 168. Calculate the greatest common factor of 14 and q.
14
Suppose 4*k + 9 = -5*t + 87, -k - 3 = 0. Suppose -9 = -2*h + 1. Suppose -2*o - 5*a - 137 = -h*o, 5 = a. What is the highest common divisor of o and t?
18
Suppose 3*o + 726 = 5*o. What is the highest common factor of o and 33?
33
Let j(y) = y**2 - 4*y + 3*y + y**3 + 0*y**2 + 15. Let w be j(0). Calculate the greatest common factor of 45 and w.
15
Suppose 2*r = 5*c - 10, -4 = r - c - c. Suppose r = -0*v + 5*v. Let s be (v + 1)*-2 - -13. What is the highest common factor of s and 121?
11
Suppose 21 = 2*n - 2*x + 3*x, 0 = n - 2*x - 13. Let z = -36 + 124. Calculate the greatest common divisor of z and n.
11
Suppose 46 - 196 = -5*b. Calculate the highest common divisor of b and 12.
6
Let t be 100/3 - 4/(-6). What is the greatest common divisor of 17 and t?
17
Let q = -6 - -17. Let m = -6 + q. Let n be 4/10 - 96/(-10). What is the greatest common factor of m and n?
5
Let l(f) = -f**2 + 12*f - 14. Let c be l(10). Suppose 5*h + 2*s - s - 331 = 0, 5*s - 71 = -h. Calculate the greatest common divisor of h and c.
6
Suppose -3*v + 2*f + 351 = 62, -4*f + 182 = 2*v. Calculate the greatest common factor of 38 and v.
19
Suppose 0 = -5*j - z + 1, j + 0*z = 4*z + 17. What is the greatest common factor of 2 and j?
1
Let j be (3/((-3)/11))/1. Let c be -3 + 3 - j*1. Calculate the highest common factor of c and 44.
11
Let l be 4 + (0 - (-1230)/6). What is the greatest common divisor of 19 and l?
19
Let x = 1 + 2. Suppose -4*l = -3*d - 16, -l + 4 = d - 0*l. Suppose -x*n + d*n = -60. Calculate the greatest common divisor of n and 4.
4
Suppose 21 = z - 24. What is the greatest common factor of z and 15?
15
Let z be ((-36)/45)/(1/235). Let t = z + 273. What is the highest common factor of t and 17?
17
Suppose 24 + 9 = 3*b. Suppose 0*g = g - 1. Let k be 83 + 6 - (g + 0). What is the highest common divisor of b and k?
11
Suppose -4*w - 3*j = 2*j - 31, 2*w = 5*j + 53. Let g = -116 + 34. Let p = g - -117. Calculate the greatest common divisor of p and w.
7
Suppose -2*w + y + 36 = 0, -y + 0*y = 5*w - 90. Suppose 2*d + u - w = 0, -2*u = d - u - 11. Calculate the greatest common factor of 49 and d.
7
Let l be (-17)/((-3)/(-1 - -4)). Let c = 11 + l. What is the highest common factor of 42 and c?
14
Let m = -63 - -29. Let a = m + 14. Let p be (-5)/(-1)*(-216)/a. Calculate the greatest common factor of p and 6.
6
Let z = -12 - -12. Suppose f - 5 - 4 = z. Calculate the greatest common factor of f and 27.
9
Suppose -5*s = -s - 180. Suppose 0*q + s = -5*q. Let g be 0 - q - 2 - 1. What is the highest common factor of 9 and g?
3
Let q(i) = 5*i + 3. Let t be q(3). Calculate the greatest common factor of t and 12.
6
Suppose 5*j - 79 = b, -3*b + 47 = 3*j - 4*b. Suppose 44 = c - 20. What is the greatest common divisor of c and j?
16
Let d be (540/75)/((-6)/(-100)). What is the highest common factor of 15 and d?
15
Suppose -11 = f - 31. Calculate the highest common factor of f and 220.
20
Suppose 4*k = 2*f + 48, 0*k - 53 = 2*f + k. Let n = 46 + f. What is the greatest common factor of n and 20?
20
Let c = 6 - 8. Let w = 3 + c. Let o = -106 - -115. Calculate the greatest common divisor of o and w.
1
Suppose 5*h - 2*h - 39 = 0. Suppose 5*t - 15 - 505 = 0. What is the greatest common factor of t and h?
13
Let x(f) = f**2 + 3*f + 2. Let s be x(3). Calculate the greatest common factor of s and 160.
20
Suppose 0 = s + 2*s - 9, 5*v - s - 112 = 0. Calculate the greatest common factor of v and 46.
23
Let a be (3/(-4))/(1/(-4)). Suppose t = -4*h, 6*t - a*t = 4*h + 16. Let u be t/(-5)*110/(-4). Calculate the highest common factor of u and 55.
11
Suppose 5*y + 6 = -24. Let a be -2*(y - 6/2). Calculate the greatest common factor of a and 54.
18
Let u be (-17)/((-25)/(-13) - 2). Let h = -31 + u. Suppose -g + 37 = 2*s, 0*g + 5*s - h = -5*g. What is the highest common divisor of g and 26?
13
Let x = -1 + 25. Let h(y) be the second derivative of -y**4/12 - 2*y**3/3 - y. Let u be h(-3). Calculate the highest common factor of x and u.
3
Suppose -3*b + 15 = -3*s, b - 5*b + 16 = -2*s. Let x = 58 + s. Let h be x - 2/(-3)*-3. What is the greatest common divisor of h and 6?
6
Suppose 5*r = 4*w - 22, w - 5*r + 2 = -0. Suppose -9*h = -6*h - 36. Calculate the greatest common divisor of h and w.
4
Let d be (4/(-3))/((-4)/(-12)). Let b(c) = c**3 + 4*c**2 - 5*c - 6. Let l be b(d). What is the greatest common divisor of 154 and l?
14
Let b be (-2)/(51/(-48) + 1). What is the greatest common divisor of b and 80?
16
Suppose -106 = 5*h + 14. Let q = h + 34. Suppose 2*k = k + 40. What is the greatest common divisor of k and q?
10
Let b be ((-1)/(-3))/(8/648). What is the greatest common factor of b and 27?
27
Let b be (-1 - -3)/(1/(-2)). Let s be (-1)/(6/b)*30. What is the highest common factor of 8 and s?
4
Let h(n) = 2*n**2 + 3*n + 1. Let f be h(-7). Calculate the highest common divisor of f and 6.
6
Suppose 78 = 4*m - 2*p, m - 5*m - p = -75. Calculate the greatest common divisor of 95 and m.
19
Suppose 82 = -7*u + 502. What is the greatest common divisor of u and 15?
15
Suppose -3*p - 4*m = -0*m + 40, -3*p = 2*m + 32. Let q = p + 27. Calculate the greatest common factor of 152 and q.
19
Let v(j) = -j**2 + 8*j + 5. Let w be v(8). Suppose 4 = w*d - 6. Calculate the greatest common factor of 2 and d.
2
Suppose 7*q = 4*q + 69. Suppose -o = -q - 25. Let t be (-1)/(0 + 1/(-6)). What is the greatest common divisor of t and o?
6
Let u = 7 - -3. Let n be 17/4 + 2/(-8). Calculate the highest common divisor of u and n.
2
Suppose 3*x = -x - 12. Let h be 12*-6*x/24. Calculate the highest common factor of h and 72.
9
Let a(u) = u**3 + 6*u**2 - 12. Let b be a(-6). Let p(i) = i**2 - 2*i + 3. Let o be p(2). Let j be (2/(-4))/(o/b). What is the highest common factor of j and 18?
2
Let z(d) = -74*d + 3. Let o be z(3). Let f = o - -144. Let w be (-2)/3*f/10. Calculate the greatest common divisor of w and 5.
5
Let h = -26 - -208. Calculate the greatest common divisor of h and 26.
26
Let p = 34 - 13. What is the greatest common factor of 21 and p?
21
Let s(h) = 3*h - 24. Let k be s(23). What is the highest common divisor of 225 and k?
45
Let l = 33 - 23. Suppose 5*k + 50 = 6*h - 2*h, -3*h - k + 28 = 0. What is the greatest common factor of h and l?
10
Suppose -4*d + 9*d = 35. Let n be 1/(-7) + 64/d. What is the highest common factor of n and 72?
9
Suppose 0 = -4*o + 1 - 9. Let h be (o + 4)*5*4. What is the greatest common divisor of 8 and h?
8
Suppose 5*x + 9 = 49. What is the greatest common divisor of x and 20?
4
Let m = 596 + -884. Let p = 432 + m. Calculate the highest common factor of p and 16.
16
Let k(l) = -99*l + 1. Let v be k(-1). Let g be (6 - 46)*(1 + -2). Calculate the greatest common divisor of v and g.
20
Let t(n) = -13*n + 11. Let b be t(-13). Calculate the greatest common divisor of b and 20.
20
Suppose 0 = z - p - 52, -z + p = -4*p - 36. Let a be (-16)/z - (-23)/7. What is the greatest common factor of 24 and a?
3
Let m(q) = q + 33. Let v be m(-11). Calculate the greatest common divisor of 22 and v.
22
Suppose 0 = -0*m + m. Suppose 2*f - 1 = -2*k + 1, 4*k - 2*f - 10 = m. Suppose -5 + 19 = k*l. Calculate the highest common divisor of l and 7.
7
Let s(i) = i**2 + 4*i + 7. Let q be s(-2). What is the highest common divisor of q and 15?
3
Let i(u) be the second derivative of u**4/12 + 64*u**2 - 3*u. Let m be i(0). Calculate the highest common divisor of 16 and m.
16
Let z(d) = d**3 - 14*d**2 + 16*d + 3. Let l be z(13). Calculate the highest common factor of l and 6.
6
Let j = 17 